 is the value of 15 - (8 - (2 + -6))?
3
Evaluate 4 - (5 - (-6 + 11 + -10)).
-6
What is (-1 - 3) + 3 + -2?
-3
Evaluate (0 - -4) + (-4 - -4) + -5.
-1
-6 + (7 - (10 - 4))
-5
Calculate -14 + 5 + -1 + 16.
6
Calculate -1 + 0 + (4 - (5 - -1)).
-3
What is the value of (13 - 19) + (8 - -4)?
6
Evaluate -2 + (5 - -1) + 1 + -2.
3
What is the value of 4 + -12 + 8 - (5 - -1)?
-6
What is (-61 - -55) + (3 - 1)?
-4
What is the value of 0 - -2 - 5 - -1?
-2
Calculate (5 - 2 - (7 - 8)) + 5.
9
Calculate (3 - (2 + 1)) + 3 + 0.
3
Evaluate -2 + 2 + -2 + 2 + 3.
3
Calculate -8 + 19 + -20 - -9.
0
Calculate -2 - (-6 + 2 + -1).
3
What is the value of 0 - 4 - (-8 + 1) - 0?
3
What is (-8 - -7) + (1 - 2) - -5?
3
What is -8 - (8 + -5 - 5)?
-6
Calculate 34 - 5 - 22 - (-1 - -9).
-1
Calculate (2 - -1) + 32 + -35.
0
What is the value of 1 + 8 + -4 + -4?
1
(4 - -4) + (-6 - -4)
6
What is 2 + -7 - -5 - 0 - 3?
-3
What is the value of 7 - (-3 + (4 - 2) + 8)?
0
Calculate -2 + -1 - -2 - (1 - -2).
-4
(4 - (-2 - (5 - 9))) + -3
-1
Evaluate 12 - (-12 + 21 + 12).
-9
Evaluate (1 - -1) + -3 - (-6 - -2).
3
-4 + -1 - (2 + 1)
-8
2 - ((2 - 3) + -2 + 9)
-4
What is -6 + (2 - -4) - 6?
-6
What is 4 + (12 - (-9 - -30))?
-5
What is the value of (3 - 6) + 6 - 1?
2
What is (6 - -1) + 14 + -35 + 16?
2
What is the value of (-1 + 3 - -4) + -2 + 7?
11
Calculate -1 + (-3 - (1 + -3 + 1)).
-3
2 + 5 + (-2 - (-5 - -10))
0
Evaluate -11 + (4 - 0) + (11 - 9).
-5
Evaluate 0 + -1 + -15 + 18.
2
Evaluate 5 + (3 - 5) - 3.
0
Calculate 0 - 1 - (21 + -18).
-4
What is 10 - 17 - (-3 + 0)?
-4
1 + 5 + 97 + -98
5
What is 7 - (4 - (2 + -5))?
0
Calculate 0 + -1 + -2 + -7.
-10
(1 - 1) + 2 + 35 + -33
4
-12 - -1 - (-5 - -1)
-7
Evaluate 1 - 3 - (-3 + -4 + 3).
2
What is -5 + (2 - (-3 + 5) - -6)?
1
Calculate 4 + (7 - 6 - 1).
4
-3 - (-5 - -12 - 10)
0
Evaluate 1 + (0 - -1) + 3 - -4.
9
Evaluate -4 - (3 + -3) - -4.
0
Calculate (1 - -3 - 5) + (-5 - 0).
-6
What is the value of 2 - (2 + (-2 - 3) - -3)?
2
What is 3 - ((7 - 5) + 6)?
-5
What is 8 + -4 - (2 + 1)?
1
Calculate 3 - ((-5 - 0) + 6).
2
Calculate -7 + 9 - (-2 - 1).
5
Calculate -4 - -6 - ((-4 - -3) + -3).
6
6 + -6 - (-6 + 9)
-3
(9 - (1 - -1)) + -6 - 3
-2
Calculate 5 - (6 - 8) - 4.
3
What is the value of -13 - (-26 + 6 - -10)?
-3
What is the value of -6 + (13 + -6 - -5) + -4?
2
6 + (4 + -7 - 9)
-6
Evaluate 8 - (1 + -3 + 3 + 3).
4
Evaluate (0 - 4) + 11 + -4.
3
What is 0 + (6 - 2 - (6 - 7))?
5
1 - 2 - 1 - -5
3
Evaluate -2 + 6 - (-1 - (0 + 0)).
5
Calculate 16 + -7 + 4 + -11.
2
(-19 - -25) + (-2 - 2 - -2)
4
What is the value of 0 + 1 + 5 - (3 + 9)?
-6
What is -14 - (-25 - -4 - -9)?
-2
-1 - -6 - (61 + -52)
-4
What is (9 - 6 - 2) + (9 - 10)?
0
Calculate 4 + (2 - (2 + -1)).
5
Calculate -3 - 2 - (4 - 4).
-5
(-10 - -8) + (4 - (-3 - 0))
5
Evaluate -8 - (4 - (6 + -1) - 4).
-3
Calculate -4 - (2 + -2 - 2).
-2
Evaluate 8 + -7 + 10 - 14.
-3
-2 - -1 - (-16 - (-11 + -9))
-5
What is 6 + -7 - (5 + -2)?
-4
1 - (2 - 2 - -4)
-3
4 + -1 + -8 + 5 + -2
-2
Evaluate 5 + (4 - 8) + 4.
5
What is the value of -1 + (1 + -5 - (43 - 40))?
-8
Calculate -1 - (1 + -4 + (6 - -2)).
-6
Calculate -3 - 8 - (13 - 15).
-9
Calculate 9 - 16 - (4 + -3 - 5).
-3
(-3 - -6) + 1 + -1 - 2
1
What is (-3 - -8) + -15 + 2?
-8
Calculate 3 - (-2 + (-5 + 0 - -15)).
-5
What is the value of 3 + (-3 + 7 - (-1 + 8))?
0
What is the value of -3 - ((2 + 0 - 3) + -2)?
0
(-7 - -1) + 18 + -13
-1
What is (-1 - -1) + 3 + (-291 - -288)?
0
Calculate 9 - 8 - -1 - -2.
4
Evaluate 3 + 3 - (-6 + (16 - 9)).
5
Evaluate -6 + -1 + 0 + -1 + 5.
-3
0 + -3 + (5 - (1 + 3))
-2
Evaluate (5 - 4 - (-8 - -11)) + -8.
-10
What is the value of (-2 + 14 - 6) + (1 - 7)?
0
5 - 1 - (9 + -14 + 7)
2
What is 0 + -14 + (4 - (-16 - -16))?
-10
Evaluate 5 - (1 + -12 - -11).
5
What is -2 - (0 + -9) - 2?
5
(3 - 2) + 2 - 3
0
What is the value of -11 - (-4 + 5 + 1 + -8)?
-5
Calculate -3 - (1 - ((-1 - -2) + 4)).
1
(4 - (1 + 1) - 5) + 5
2
What is the value of (-6 - -1) + (-4 - -12 - -4)?
7
What is (-1 - 0) + 7 + -20 + 14?
0
What is the value of 0 - 0 - (139 - 147)?
8
Evaluate -3 + 0 - (-13 + 15).
-5
What is the value of 0 + -1 + 3 - (0 - 0)?
2
What is the value of (2 - 5) + 1 + 0?
-2
What is 2 + 1 + 0 + -2 + -1?
0
-2 - -2 - 2 - (-1 + -3)
2
What is the value of 1 + 3 - (-20 - -26)?
-2
What is the value of 2 + 1 - ((2 - 1) + -2)?
4
Evaluate 4 - 0 - (16 + (-30 - -12)).
6
Evaluate 5 - (8 - (-2 + -2)).
-7
What is the value of (-4 + -4 - -4) + -6 + 1?
-9
What is (-13 - -11) + -2 + 1 - -4?
1
Evaluate -7 - (-14 + 1 + 5).
1
Evaluate -19 + 24 - (9 + 0).
-4
What is 3 + -1 + 14 + -10 - 3?
3
18 + -21 + 13 + (2 - 2)
10
-1 + -1 - (5 + -7 - -4)
-4
-8 + (16 - (-4 - -8))
4
10 - (-4 + 10 - 3)
7
Calculate 6 + (-3 - 1) + 0 + -1.
1
What is the value of -5 - (-2 - -3) - -3?
-3
1 - (0 + 1 + (1 - 2))
1
What is the value of -3 + 4 + -4 + (0 - 2)?
-5
-1 - (-4 - (-12 + 5))
-4
Evaluate 2 + -8 - (9 - (9 - -10)).
4
Evaluate -5 - (-7 + (-3 - -4)).
1
Evaluate 5 - ((-6 - -14) + 1 + -3).
-1
What is -4 - (-10 - (-2 - 0))?
4
What is the value of -2 - (12 + (5 - 15))?
-4
What is the value of -1 - (-8 + 1 - -8)?
-2
What is 10 - (20 - 9) - -1?
0
What is 4 - (3 + 4 + -4)?
1
Evaluate (0 - -2) + 20 + (-30 - -16).
8
10 + -11 + 11 - 14
-4
Evaluate 1 + -5 + 0 + 4.
0
-2 - (2 - (-2 - (-2 - 1)))
-3
Calculate (10 - 25) + (7 - -3).
-5
Calculate 65 + -67 + -1 + 4.
1
What is the value of 9 + -13 + (0 - 0)?
-4
Evaluate 1 - (-8 - -2) - (19 - 16).
4
-12 - (-8 + 4 + -1)
-7
What is -5 - (-4 - (1 + -5))?
-5
What is -8 + 6 - (-1 + (6 - 3))?
-4
What is the value of -7 - 2 - (104 - 105)?
-8
What is the value of 3 - 15 - (-5 - -7 - 6)?
-8
What is (5 + 2 - 20) + 8?
-5
(-2 - -1 - -5) + -10
-6
Evaluate -8 + 6 - (-2 + 2 + -3).
1
-3 - 4 - -1 - -2
-4
Calculate -2 + 2 - -5 - 0.
5
Calculate 9 - (-4 + 5 + -7 + 11).
4
What is the value of -3 - ((6 - 16) + 13)?
-6
Evaluate (31 - 26) + 0 + (-1 - -1).
5
-3 + -4 + (2 - -1)
-4
Evaluate (-2 - 5) + 11 + -9.
-5
What is -2 + -1 - (0 + -3 + -1)?
1
-7 - ((5 - (-6 - -3)) + -7)
-8
What is the value of 5 + 3 + -15 + 8?
1
What is the value of -3 + ((0 - 2) + 0 - 4)?
-9
What is 0 - 4 - (-2 - 3 - -3)?
-2
Evaluate -9 + 5 - (-3 - (-1 - -3)).
1
What is 0 + (-5 + 3 - -3 - -2)?
3
What is -14 + 4 + 11 + -1 + 2?
2
What is 1 - (3 + -4 - 2 - -1)?
3
Calculate -11 - (-1 + (-19 - -7)).
2
What is the value of 3 + -1 - 0 - (-24 + 31)?
-5
What is (-4 - 3) + (1 - -2) + 4?
0
Calculate 8 - (-7 + 16) - 4.
-5
What is (-5 - 3) + 8 + (-1 - -1)?
0
What is the value of 3 + -4 + 8 + -5?
2
-7 + 0 + -2 + 13
4
What is the value of -5 + 1 - (-3 + 3)?
-4
Evaluate 1 - (1 - (4 + -1 - 6)).
-3
Calculate 5 - ((5 - (-7 + 5)) + -2).
0
What is -6 + (0 - 4 - -5) + 2?
-3
What is the value of 3 + -3 - (1 + -5 + 6)?
-2
Evaluate -2 - (1 + -3 + -3).
3
Calculate -8 + (-5 - -14 - 2).
-1
What is (0 - -9) + (-3 - 3 - -1)?
4
What is -1 + -7 + 21 + -17?
-4
Calculate (0 - 1) + -1 + (8 - 7).
-1
Evaluate (2 - -3 - 3) + 2.
4
Calculate (9 + 1 - 8) + 3 + -2.
3
What is (6 - (3 - 1)) + (-5 - -1)?
0
Evaluate -5 + -7 + (-8 - -23).
3
-14 + -3 + 9 + (5 - 0)
-3
Calculate -7 + 1 - (9 - (5 + 5)).
-5
Calculate (7 - 2) + 2 + -10 + 4.
1
Calculate (4 - (5 + -6 - 5)) + -5.
5
Calculate 4 - (9 - (4 - 4)).
-5
-3 - ((3 - (-6 - -4)) + -3)
-5
Evaluate 2 - -1 - (49 - 42).
-4
-10 + 5 + 0 + -2
-7
Evaluate -30 + 30 + 0 + (-2 - 4).
-6
Evaluate -2 - (-7 + 4 + 6).
-5
What is -4 + (2 - -3 - -4)?
5
Evaluate (7 - (6 + 2)) + 4.
3
Evaluate -3 + -3 + 8 + 0.
2
What is 5 - ((-6 - -1) + -2 - -4)?
8
What is (65 - 66) + (1 + -2 - 4)?
-6
-11 - (10 + -2 + -15)
-4
What is 0 - (2 + -2 - -3)?
-3
What is the value of 1 + (2 - 4) - (-7 + 6)?
0
What is -3 - -11 - (-4 - -8 - 0)?
4
Evaluate -2 - -7 - (4 + -1) - 1.
1
Calculate -18 + 11 + 5 + -1 + 8.
5
Evaluate (2 - (9 - 2)) + -1 + 0.
-6
What is -1 + -2 + -1 + (2 - -5)?
3
What is the value of 9 + 3 - (7 + 1)?
4
Evaluate 2 + -5 + -6 + 13 - -7.
11
What is the value of (1 - 0 - 2) + 106 + -109?
-4
Calculate (-17 - -20) + -9 + 1 + 5.
0
2 + -1 + 2 + -8
-5
(7 - 6) + 0 + 0
1
Evaluate 2 - (-4 + (-3 + 6 - 1)).
4
What is the value of (9 - 6) + 0 + -4?
-1
Evaluate -5 - -2 - (-11 + (0 - -3)).
5
What is the value of 3 - 11 - (0 - 2 - 1)?
-5
-1 + -1 + (12 - 9)
1
Evaluate (1 + 0 - (-9 - -6)) + -10.
-6
-7 + (0 - (5 - 7))
-5
What is 20 - 16 - (9 - 1)?
-4
What is the value of 3 - (4 + 3) - -9?
5
Calculate -